er when 5962620 is divided by 798?
762
What is the remainder when 442864 is divided by 1870?
1544
What is the remainder when 33345 is divided by 2332?
697
Calculate the remainder when 16097 is divided by 13545.
2552
Calculate the remainder when 8731055 is divided by 1214.
1181
Calculate the remainder when 1761237 is divided by 7657.
127
What is the remainder when 5458 is divided by 1323?
166
Calculate the remainder when 145203300 is divided by 16133699.
9
Calculate the remainder when 56438517 is divided by 18812839.
0
Calculate the remainder when 69167 is divided by 97.
6
What is the remainder when 87764 is divided by 29098?
470
What is the remainder when 240034 is divided by 438?
10
What is the remainder when 20166720 is divided by 5859?
42
Calculate the remainder when 17011 is divided by 5638.
97
What is the remainder when 5266613 is divided by 1574?
9
Calculate the remainder when 191786 is divided by 28.
14
What is the remainder when 31050258 is divided by 53?
49
Calculate the remainder when 195447 is divided by 4542.
141
What is the remainder when 14724466 is divided by 618?
616
What is the remainder when 1499530 is divided by 516?
34
Calculate the remainder when 851108 is divided by 87.
74
What is the remainder when 29989349 is divided by 414?
17
Calculate the remainder when 128418 is divided by 1661.
521
What is the remainder when 364281137 is divided by 964?
961
What is the remainder when 495041 is divided by 24746?
121
Calculate the remainder when 23246651 is divided by 389.
11
What is the remainder when 17180972 is divided by 251?
22
What is the remainder when 28569 is divided by 4391?
2223
Calculate the remainder when 44514 is divided by 43439.
1075
Calculate the remainder when 681938 is divided by 267.
20
What is the remainder when 4576406 is divided by 2661?
2147
What is the remainder when 275364 is divided by 188?
132
What is the remainder when 32357393 is divided by 162?
161
What is the remainder when 417443 is divided by 8880?
83
Calculate the remainder when 4830 is divided by 1207.
2
What is the remainder when 21473677 is divided by 169084?
9
What is the remainder when 11793269 is divided by 475?
444
Calculate the remainder when 5463740 is divided by 2288.
2284
Calculate the remainder when 99994 is divided by 5540.
274
What is the remainder when 5772103 is divided by 1413?
1411
Calculate the remainder when 15408554 is divided by 35.
14
What is the remainder when 225532 is divided by 10242?
208
Calculate the remainder when 629561 is divided by 292.
9
Calculate the remainder when 3100360 is divided by 620069.
15
What is the remainder when 216658 is divided by 21665?
8
What is the remainder when 183392981 is divided by 23?
20
Calculate the remainder when 58282 is divided by 1429.
1122
What is the remainder when 65532 is divided by 2432?
2300
What is the remainder when 10853843 is divided by 676?
663
Calculate the remainder when 9857310 is divided by 4928647.
16
What is the remainder when 26130196 is divided by 26130196?
0
Calculate the remainder when 38884666 is divided by 2991127.
15
What is the remainder when 25786 is divided by 6325?
486
What is the remainder when 207685 is divided by 144?
37
Calculate the remainder when 903937 is divided by 678.
163
What is the remainder when 769653 is divided by 59?
57
What is the remainder when 19674 is divided by 2729?
571
Calculate the remainder when 51016360 is divided by 1889494.
22
Calculate the remainder when 2181259 is divided by 2284.
39
Calculate the remainder when 416606 is divided by 8377.
6133
What is the remainder when 14628783 is divided by 8?
7
What is the remainder when 18711991 is divided by 30?
1
What is the remainder when 4476335 is divided by 1055?
1025
What is the remainder when 4528008 is divided by 95?
23
What is the remainder when 1026513 is divided by 513243?
27
What is the remainder when 60499 is divided by 3073?
2112
What is the remainder when 89720326 is divided by 132919?
1
Calculate the remainder when 149180 is divided by 49627.
299
Calculate the remainder when 1557544 is divided by 45809.
38
Calculate the remainder when 93801368 is divided by 40.
8
Calculate the remainder when 10321399 is divided by 204.
19
Calculate the remainder when 1845855 is divided by 275.
55
Calculate the remainder when 76968222 is divided by 23.
10
What is the remainder when 7883387 is divided by 1020?
827
What is the remainder when 147702 is divided by 48380?
2562
What is the remainder when 526637 is divided by 161?
6
What is the remainder when 146950 is divided by 2978?
1028
Calculate the remainder when 433306 is divided by 1454.
14
Calculate the remainder when 3577265 is divided by 51.
23
What is the remainder when 9539390 is divided by 5856?
5822
What is the remainder when 4657803 is divided by 1552592?
27
Calculate the remainder when 63100383 is divided by 47.
16
What is the remainder when 71965 is divided by 246?
133
Calculate the remainder when 512328 is divided by 30135.
33
Calculate the remainder when 10971455 is divided by 10.
5
Calculate the remainder when 18063311 is divided by 66654.
77
What is the remainder when 2328845 is divided by 17?
15
What is the remainder when 596699 is divided by 24?
11
What is the remainder when 3828037 is divided by 109372?
17
What is the remainder when 371005 is divided by 185485?
35
Calculate the remainder when 1077779 is divided by 8492.
7787
What is the remainder when 1726381 is divided by 603?
595
Calculate the remainder when 304335 is divided by 150745.
2845
What is the remainder when 58086 is divided by 1873?
23
What is the remainder when 2704353 is divided by 1886?
1715
What is the remainder when 305729 is divided by 1253?
1250
Calculate the remainder when 181931 is divided by 216.
59
Calculate the remainder when 104389061 is divided by 8784.
5
Calculate the remainder when 354846 is divided by 9590.
16
Calculate the remainder when 13487430 is divided by 14.
12
What is the remainder when 115355 is divided by 2617?
207
Calculate the remainder when 11548445 is divided by 626.
623
Calculate the remainder when 29134355 is divided by 43162.
5
What is the remainder when 14685 is divided by 256?
93
Calculate the remainder when 23717572 is divided by 121.
120
Calculate the remainder when 1119115528 is divided by 1779.
1777
Calculate the remainder when 431144 is divided by 789.
350
What is the remainder when 1752130 is divided by 1752087?
43
Calculate the remainder when 94105 is divided by 17.
10
Calculate the remainder when 5911 is divided by 680.
471
What is the remainder when 777458 is divided by 86377?
65
Calculate the remainder when 7052281 is divided by 161.
159
What is the remainder when 55517401 is divided by 362?
357
What is the remainder when 43638 is divided by 2905?
63
What is the remainder when 275920796 is divided by 2453?
2450
Calculate the remainder when 89223135 is divided by 18.
15
Calculate the remainder when 52659503 is divided by 17553063.
314
Calculate the remainder when 239896 is divided by 1008.
1000
What is the remainder when 3890488 is divided by 38?
10
Calculate the remainder when 7450652 is divided by 82785.
2
What is the remainder when 565897 is divided by 665?
647
What is the remainder when 603839 is divided by 15890?
19
Calculate the remainder when 32344 is divided by 6094.
1874
Calculate the remainder when 33478173 is divided by 11159374.
51
What is the remainder when 2351320 is divided by 587827?
12
What is the remainder when 792300 is divided by 158413?
235
Calculate the remainder when 92706 is divided by 46.
16
What is the remainder when 2068 is divided by 115?
113
What is the remainder when 5682378 is divided by 5?
3
What is the remainder when 18860076 is divided by 89?
86
Calculate the remainder when 1980850 is divided by 495139.
294
What is the remainder when 1163808 is divided by 166257?
9
What is the remainder when 2105008 is divided by 300715?
3
Calculate the remainder when 2237452 is divided by 30.
22
What is the remainder when 10032358 is divided by 199?
171
What is the remainder when 20190454 is divided by 1378?
1376
Calculate the remainder when 88865 is divided by 2012.
337
What is the remainder when 61484676 is divided by 1028?
1024
What is the remainder when 1193823 is divided by 79?
54
Calculate 